= 228 + 73. Let o be 6/(-2) + (-1462)/(-17). Suppose -d = -r - o. What is the hundreds digit of r?
2
Let i be 242/(-3)*1/(6/(-9)). Let d(x) = x**2 + 2*x + 6. Let b be d(8). Let p = i + b. What is the hundreds digit of p?
2
Let u = -6878 - -9838. Suppose -173*i + 165*i = -u. What is the hundreds digit of i?
3
Suppose -90861 = -44*t + 24331. What is the hundreds digit of t?
6
What is the units digit of (-32)/(-112) - (-3 - -3) - 50783/(-7)?
5
Suppose -515 - 1015 = -9*k. Suppose -660 = -3*n - v, 5*n - 930 = v + k. What is the hundreds digit of n?
2
Let y = -60 + 145. Suppose 98*d - y = 93*d. What is the units digit of d?
7
Suppose 5*u = -y + 760, 3*u - 5 - 1 = 0. Suppose -5*j = 25, 4*j = -0*g + 5*g - y. What is the units digit of g?
6
Let p(d) = -2*d**3 + 5*d**2 + 14*d - 8. Let l be p(5). Let a = l - -177. Suppose 6*u - a = 4*u. What is the tens digit of u?
5
What is the units digit of (-66)/(-13 - 6874/(-532))?
6
Suppose -67*k + 52*k + 118605 = 0. What is the thousands digit of k?
7
Let h = -1029 - -1804. What is the hundreds digit of h?
7
Suppose -8*t - 23*t + 558654 = 3*t. What is the hundreds digit of t?
4
Let g be (-2)/12*32 + 2/(-3). Let h be (0/g - 4*-4)/(-1). Let c(i) = -i**2 - 19*i - 8. What is the tens digit of c(h)?
4
Suppose 5*l = -3*y + 3*l + 371, 0 = -5*y - 2*l + 621. Let d = 12 + -8. Suppose y - 25 = d*z. What is the tens digit of z?
2
Suppose 5*q = x + 1201, 4684 = -4*x - 5*q + q. Let h = -1370 - -1355. What is the units digit of 4/(-10) + x/h?
8
Let x = 120 + -113. Let v be x/(-28) + 3*81/12. Let t = v - -15. What is the units digit of t?
5
Suppose 3*o + 5*r + 90 = -262, 2*o = -4*r - 232. Let a = 151 - o. Let s = -149 + a. What is the hundreds digit of s?
1
Suppose -17 = 3*m - 47. Suppose -6*a = -m - 8. Suppose l - 101 = 2*b, a*l - 192 = l - b. What is the tens digit of l?
9
Let n(t) = 190*t - 174. Let w be n(13). Suppose 5*a - 5790 = -5*b, 2*b - 25*a = -22*a + w. What is the thousands digit of b?
1
Suppose -4*u = -20, 19*v - 15*v = 4*u + 1584. What is the units digit of v?
1
Suppose 4*r - 5*j + 30 = -r, -36 = 5*r + j. Let v(d) = -8*d + 10. Let q be v(r). Let k = q + -40. What is the tens digit of k?
2
Suppose x - 8 = 0, 3*p + 3*x - 89960 = 58264. What is the tens digit of p?
0
Suppose -8580 = -5*l + 6670. Let x = l - 2022. What is the tens digit of x?
2
What is the thousands digit of 10/(-65) + (-1124049)/(-195) - (-54)/(-45)?
5
Suppose -2*m - 4*h = -2 - 0, 0 = m - 2*h - 5. Suppose -61 = 4*q + m*u, q - 65 = 5*q - u. What is the units digit of q/(16/4) - -31?
7
Suppose 59*u - 805953 + 52632 = -12222. What is the units digit of u?
1
Suppose -4*y + 49467 = -3*p, 15*p - 11*p = -4*y + 49488. What is the hundreds digit of y?
3
Let n(x) = -221*x - 16. Let p be n(-3). Let y = -356 + p. What is the tens digit of y?
9
Suppose 59535 = -3*b + 10*b. What is the units digit of (2/6)/(5/b)?
7
Let h(u) = 66*u + 92. Let d be h(5). Let n = d + -346. What is the units digit of n?
6
Suppose 14 = 5*s + 4*d - 31, -s + 10 = d. Suppose -s*t = -3*b + b - 15, b + 2*t - 6 = 0. Suppose -7*j + 116 + 353 = b. What is the units digit of j?
7
Let h(c) be the second derivative of 3*c**3 + 10*c**2 + 2*c + 269. Suppose 5*x = 2*x + i + 15, -4*i = -4*x + 20. What is the units digit of h(x)?
0
Let y be 178/18 + (-9)/(-81). What is the tens digit of 81 + 5 + -3 + y?
9
Suppose 0 = i - 3*f - 4, -5*i + 3*f + 20 = 8*f. Suppose d - 246 + 11 = -m, -i*d = -m + 225. What is the hundreds digit of m?
2
Let f = -69 + 36. Let a be f/6*(-37 - 1). Let h = -53 + a. What is the units digit of h?
6
Let u(h) = 8*h + 406. What is the units digit of u(-26)?
8
Let g(s) = 5*s + 32. Let v be g(9). Let c = -77 + v. Suppose 3*y - 328 - 74 = c. What is the hundreds digit of y?
1
Suppose 0 = c + 4*t - t - 962, -4*t - 962 = -c. Let z = c + -516. What is the hundreds digit of z?
4
Let i be 1920/28 + 9/((-63)/4). Let s = 403 + i. What is the tens digit of s?
7
Suppose 4*c + 0*l = 3*l + 874, -5*l = 10. What is the units digit of c?
7
Suppose -3 = 3*y - 3*d, 4*y + d - 2 = 3*d. Suppose -6*q - 5*q = -y*q. Suppose q = 3*g + 7*g - 1320. What is the tens digit of g?
3
Suppose -3*u = 285 + 1005. Let j be ((-6)/(-10))/((-1)/u). Suppose -42*w + 44*w = j. What is the units digit of w?
9
Suppose -59*x + 19*x - 40234 = -163794. What is the hundreds digit of x?
0
Suppose 0 = -45*a + 44*a + 3. Let d(x) = -132*x**2 + 116*x**2 - 23*x - x**a - 11 - 1. What is the units digit of d(-15)?
8
What is the tens digit of 86932/20 + 62/155?
4
What is the thousands digit of -4 + 21/(105/860)*(-222)/(-8)?
4
Let t(i) = i**3 + 47*i**2 + 89*i - 25. Let b be t(-45). What is the units digit of 20846/b - 51/170?
2
Let m be (-2499)/21*29*-2. Suppose -12*b = -5*b - m. What is the units digit of b?
6
Suppose -28*o + 5944 = d - 23*o, 4*d - 23701 = 5*o. What is the hundreds digit of d?
9
Suppose 22 + 30 = d - 2*b, -288 = -5*d - 4*b. Let z = 258 - d. What is the units digit of z?
2
Suppose 0 = -4*z + d + 301, -3*z = 3*d - 116 - 106. What is the tens digit of 6795/z - 4/(-10)?
9
Let b(p) be the second derivative of p**4/12 + p**3/6 + p**2/2 + 5*p. Let c(u) = -2*u**2 + 8*u + 12. Let h(k) = 6*b(k) + c(k). What is the tens digit of h(-9)?
1
Suppose -8379 = -13*j - 7079. What is the units digit of j?
0
Let y = 8106 + -2817. What is the thousands digit of y?
5
What is the tens digit of (-51)/(918/(-12)) - (-100849)/3?
1
What is the thousands digit of -168*(38684/(-266))/((-8)/(-7))?
1
Let m(l) = 2*l + 8. Let h be m(3). Let z be (-8)/h + (-2544)/(-42). What is the units digit of z + 6/(-9)*3?
8
Let d(s) = -s**3 + 2*s**2 + 4*s - 1. Let p be d(3). Let v be ((-114)/(-5))/((4/10)/p). Let k = v + -28. What is the units digit of k?
6
Let m(w) = -w**2 - 14*w - 9. Let f be m(-15). What is the tens digit of 255 + -1*f/(-6)?
5
Let l be 8144 + 2/2 + (-218)/218. Suppose l = 28*z - 12*z. What is the units digit of z?
9
Let u be 1 - (-11)/3 - (-156)/468. What is the units digit of (-4636)/(-52) + 2/(-13) + u?
4
What is the thousands digit of ((-12)/(-15) - (-172)/(-190)) + (-25783184)/(-1748)?
4
Let r = -86 - -74. Let w be (11 - 1)/(r/(-318)). Let y = w + -124. What is the hundreds digit of y?
1
Suppose -3*u - y + 69468 = -22866, 61536 = 2*u + 4*y. What is the ten thousands digit of u?
3
Suppose t = -4*n - 13, -12 = 5*t - 4*n - 43. What is the hundreds digit of 793/4 - t/12?
1
Suppose -k - w + 7340 = -4833, 4*w = 20. What is the hundreds digit of k?
1
Let c be ((-1056)/(-110))/(3/1390). Suppose 0 = 6*r + 1292 - c. What is the tens digit of r?
2
Suppose 11*t - t - 4*t = 60144. What is the hundreds digit of t?
0
Let m = -717 - -421. Let u = m + 686. What is the hundreds digit of u?
3
Suppose 5*y + 18407 = 2*t, t - 40*y - 9181 = -42*y. What is the units digit of t?
1
Let x(f) = -30*f + 16. Let w be x(6). What is the tens digit of w/(-14)*6*(-42)/(-12)?
4
Let k(u) = u**3 + 70*u**2 + 126*u - 16. What is the hundreds digit of k(-68)?
6
Let w(x) = -94*x - 114. Let d be w(-8). Suppose 4*h - 1703 - 909 = -4*v, h - d = 2*v. What is the hundreds digit of h?
6
Let h(i) = -333*i - 394. Let u be h(-13). Let n = u + -2779. What is the tens digit of n?
5
Suppose 324*h - 1648664 - 4466512 = 0. What is the ten thousands digit of h?
1
Suppose 16*h + 2*j = 13*h + 38881, 12971 = h + 6*j. What is the tens digit of h?
5
Suppose -4*y + 3*p + 30710 = 0, -y - p = -1175 - 6506. What is the hundreds digit of y?
6
Let m = -18 - -2. Let y = -11 - m. Suppose -y*s + 254 = -h, -5 - 57 = -s + 3*h. What is the tens digit of s?
5
Suppose -2*s + 2*v + 0*v + 3752 = 0, -4*v = -5*s + 9382. Suppose 596 - s = -2*d. Suppose -3*z = 4*n - 2*z - d, 154 = n - z. What is the hundreds digit of n?
1
Suppose -11*r - 15 = -6*r, 2*u - 1650 = 4*r. What is the hundreds digit of u?
8
Let l = 9921 - 2408. What is the units digit of l?
3
Let l be -2*(74/(-4) + -1). Let b be 3543/l - 16/(-104). What is the tens digit of (b - 20/5) + -3?
8
Let z(r) = -r**3 - 11*r**2 + 14*r + 10. Let o be z(-12). Let k = o - -15. Let g(d) = 48*d**2 - 1. What is the tens digit of g(k)?
4
Suppose 0 = 8*j - 13*j + 5*y, -y - 4 = -2*j. Suppose -5*q + 7 + 3 = 0. Suppose 3*g + 362 = q*p, g - j*g - 537 = -3*p. What is the hundreds digit of p?
1
Let x = -3627 - -13947. What is the thousands digit of x?
0
Let d be (-2)/(4/(-6)) + -9. Supp